{"id":1141,"date":"2020-08-24T11:57:04","date_gmt":"2020-08-24T10:57:04","guid":{"rendered":"http:\/\/www.be-mhi.fr\/?page_id=1141"},"modified":"2020-08-26T15:31:53","modified_gmt":"2020-08-26T14:31:53","slug":"restructuration-et-extension-du-centre-socio-culturel-victor-hugo-de-la-ville-de-schiltigheim","status":"publish","type":"page","link":"http:\/\/www.be-mhi.fr\/?page_id=1141","title":{"rendered":"Centre Socio-Culturel \u00ab\u00a0Victor Hugo\u00a0\u00bb de Schiltigheim"},"content":{"rendered":"<p><span style=\"color: #808080;\"><em>Caract\u00e9ristiques du projet<\/em><\/span><\/p>\n<hr \/>\n<p><strong>Ma\u00eetre d\u2019ouvrage\u00a0<\/strong>: Ville de Schiltigheim<br \/><strong>Architecte\u00a0:<\/strong> ARX Architecture<br \/><strong>Nature des travaux :<\/strong> Restructuration et extension <br \/><strong>Missions exerc\u00e9es<\/strong> : Ing\u00e9nierie g\u00e9n\u00e9rale<br \/><strong>Co\u00fbt des travaux :<\/strong> 1 700 000 \u20ac H.T.<br \/><strong>Surface<\/strong> : 1 130 m\u00b2<br \/><strong>Lieu de r\u00e9alisation : <\/strong>Schiltigheim<br \/><strong>Ann\u00e9e de r\u00e9alisation :<\/strong> 2018<\/p>\n\n\n<figure class=\"wp-block-image size-large\"><img decoding=\"async\" loading=\"lazy\" width=\"1024\" height=\"768\" src=\"http:\/\/www.be-mhi.fr\/wp-content\/uploads\/2020\/08\/DJI_0349LEG-1024x768.jpg\" alt=\"\" class=\"wp-image-1144\" srcset=\"http:\/\/www.be-mhi.fr\/wp-content\/uploads\/2020\/08\/DJI_0349LEG-1024x768.jpg 1024w, http:\/\/www.be-mhi.fr\/wp-content\/uploads\/2020\/08\/DJI_0349LEG-300x225.jpg 300w, http:\/\/www.be-mhi.fr\/wp-content\/uploads\/2020\/08\/DJI_0349LEG-768x576.jpg 768w, http:\/\/www.be-mhi.fr\/wp-content\/uploads\/2020\/08\/DJI_0349LEG-1536x1152.jpg 1536w, http:\/\/www.be-mhi.fr\/wp-content\/uploads\/2020\/08\/DJI_0349LEG-2048x1536.jpg 2048w\" sizes=\"(max-width: 767px) 89vw, (max-width: 1000px) 54vw, (max-width: 1071px) 543px, 580px\" \/><\/figure>\n\n\n\n<figure class=\"wp-block-gallery columns-3 is-cropped wp-block-gallery-1 is-layout-flex wp-block-gallery-is-layout-flex\"><ul class=\"blocks-gallery-grid\"><li class=\"blocks-gallery-item\"><figure><img decoding=\"async\" loading=\"lazy\" width=\"768\" height=\"1024\" src=\"http:\/\/www.be-mhi.fr\/wp-content\/uploads\/2020\/08\/IMG_6870retouchLEG-768x1024.jpg\" alt=\"\" data-id=\"1163\" data-full-url=\"http:\/\/www.be-mhi.fr\/wp-content\/uploads\/2020\/08\/IMG_6870retouchLEG-scaled.jpg\" data-link=\"http:\/\/www.be-mhi.fr\/?attachment_id=1163\" class=\"wp-image-1163\" srcset=\"http:\/\/www.be-mhi.fr\/wp-content\/uploads\/2020\/08\/IMG_6870retouchLEG-768x1024.jpg 768w, http:\/\/www.be-mhi.fr\/wp-content\/uploads\/2020\/08\/IMG_6870retouchLEG-225x300.jpg 225w, http:\/\/www.be-mhi.fr\/wp-content\/uploads\/2020\/08\/IMG_6870retouchLEG-1152x1536.jpg 1152w, http:\/\/www.be-mhi.fr\/wp-content\/uploads\/2020\/08\/IMG_6870retouchLEG-1536x2048.jpg 1536w, http:\/\/www.be-mhi.fr\/wp-content\/uploads\/2020\/08\/IMG_6870retouchLEG-scaled.jpg 1920w\" sizes=\"(max-width: 767px) 89vw, (max-width: 1000px) 54vw, (max-width: 1071px) 543px, 580px\" \/><\/figure><\/li><li class=\"blocks-gallery-item\"><figure><img decoding=\"async\" loading=\"lazy\" width=\"768\" height=\"1024\" src=\"http:\/\/www.be-mhi.fr\/wp-content\/uploads\/2020\/08\/IMG_0214LEG-768x1024.jpg\" alt=\"\" data-id=\"1162\" data-full-url=\"http:\/\/www.be-mhi.fr\/wp-content\/uploads\/2020\/08\/IMG_0214LEG-scaled.jpg\" data-link=\"http:\/\/www.be-mhi.fr\/?attachment_id=1162\" class=\"wp-image-1162\" srcset=\"http:\/\/www.be-mhi.fr\/wp-content\/uploads\/2020\/08\/IMG_0214LEG-768x1024.jpg 768w, http:\/\/www.be-mhi.fr\/wp-content\/uploads\/2020\/08\/IMG_0214LEG-225x300.jpg 225w, http:\/\/www.be-mhi.fr\/wp-content\/uploads\/2020\/08\/IMG_0214LEG-1152x1536.jpg 1152w, http:\/\/www.be-mhi.fr\/wp-content\/uploads\/2020\/08\/IMG_0214LEG-1536x2048.jpg 1536w, http:\/\/www.be-mhi.fr\/wp-content\/uploads\/2020\/08\/IMG_0214LEG-scaled.jpg 1920w\" sizes=\"(max-width: 767px) 89vw, (max-width: 1000px) 54vw, (max-width: 1071px) 543px, 580px\" \/><\/figure><\/li><li class=\"blocks-gallery-item\"><figure><img decoding=\"async\" loading=\"lazy\" width=\"1024\" height=\"768\" src=\"http:\/\/www.be-mhi.fr\/wp-content\/uploads\/2020\/08\/IMG_0117-1024x768.jpg\" alt=\"\" data-id=\"1160\" data-full-url=\"http:\/\/www.be-mhi.fr\/wp-content\/uploads\/2020\/08\/IMG_0117-scaled.jpg\" data-link=\"http:\/\/www.be-mhi.fr\/?attachment_id=1160\" class=\"wp-image-1160\" srcset=\"http:\/\/www.be-mhi.fr\/wp-content\/uploads\/2020\/08\/IMG_0117-1024x768.jpg 1024w, http:\/\/www.be-mhi.fr\/wp-content\/uploads\/2020\/08\/IMG_0117-300x225.jpg 300w, http:\/\/www.be-mhi.fr\/wp-content\/uploads\/2020\/08\/IMG_0117-768x576.jpg 768w, http:\/\/www.be-mhi.fr\/wp-content\/uploads\/2020\/08\/IMG_0117-1536x1152.jpg 1536w, http:\/\/www.be-mhi.fr\/wp-content\/uploads\/2020\/08\/IMG_0117-2048x1536.jpg 2048w\" sizes=\"(max-width: 767px) 89vw, (max-width: 1000px) 54vw, (max-width: 1071px) 543px, 580px\" \/><\/figure><\/li><\/ul><\/figure>\n","protected":false},"excerpt":{"rendered":"<p>Caract\u00e9ristiques du projet Ma\u00eetre d\u2019ouvrage\u00a0: Ville de SchiltigheimArchitecte\u00a0: ARX ArchitectureNature des travaux : Restructuration et extension Missions exerc\u00e9es : Ing\u00e9nierie g\u00e9n\u00e9raleCo\u00fbt des travaux : 1 700 000 \u20ac H.T.Surface : 1 130 m\u00b2Lieu de r\u00e9alisation : SchiltigheimAnn\u00e9e de r\u00e9alisation : 2018<\/p>\n","protected":false},"author":8,"featured_media":0,"parent":1329,"menu_order":0,"comment_status":"closed","ping_status":"closed","template":"","meta":{"footnotes":""},"_links":{"self":[{"href":"http:\/\/www.be-mhi.fr\/index.php?rest_route=\/wp\/v2\/pages\/1141"}],"collection":[{"href":"http:\/\/www.be-mhi.fr\/index.php?rest_route=\/wp\/v2\/pages"}],"about":[{"href":"http:\/\/www.be-mhi.fr\/index.php?rest_route=\/wp\/v2\/types\/page"}],"author":[{"embeddable":true,"href":"http:\/\/www.be-mhi.fr\/index.php?rest_route=\/wp\/v2\/users\/8"}],"replies":[{"embeddable":true,"href":"http:\/\/www.be-mhi.fr\/index.php?rest_route=%2Fwp%2Fv2%2Fcomments&post=1141"}],"version-history":[{"count":3,"href":"http:\/\/www.be-mhi.fr\/index.php?rest_route=\/wp\/v2\/pages\/1141\/revisions"}],"predecessor-version":[{"id":1506,"href":"http:\/\/www.be-mhi.fr\/index.php?rest_route=\/wp\/v2\/pages\/1141\/revisions\/1506"}],"up":[{"embeddable":true,"href":"http:\/\/www.be-mhi.fr\/index.php?rest_route=\/wp\/v2\/pages\/1329"}],"wp:attachment":[{"href":"http:\/\/www.be-mhi.fr\/index.php?rest_route=%2Fwp%2Fv2%2Fmedia&parent=1141"}],"curies":[{"name":"wp","href":"https:\/\/api.w.org\/{rel}","templated":true}]}}