{"id":1169,"date":"2020-08-24T12:32:44","date_gmt":"2020-08-24T11:32:44","guid":{"rendered":"http:\/\/www.be-mhi.fr\/?page_id=1169"},"modified":"2020-08-26T15:42:18","modified_gmt":"2020-08-26T14:42:18","slug":"construction-dune-salle-socio-culturelle-a-hunspach","status":"publish","type":"page","link":"http:\/\/www.be-mhi.fr\/?page_id=1169","title":{"rendered":"Salle Socio-Culturelle \u00e0 Hunspach"},"content":{"rendered":"<p><span style=\"color: #808080;\"><em>Caract\u00e9ristiques du projet<\/em><\/span><\/p>\n<hr>\n<p><strong>Ma\u00eetre d\u2019ouvrage&nbsp;<\/strong>: Mairie de Hunspach<br><strong>Architecte&nbsp;:<\/strong> <a href=\"https:\/\/www.heintz.archi\/projets.php?page=5\">HEINTZ &#8211; KEHR<\/a><br><strong>Nature des travaux :<\/strong> Construction neuve<br><strong>Missions exerc\u00e9es<\/strong> : Ing\u00e9nierie des structures<br><strong>Co\u00fbt des travaux :<\/strong> 1 000 000 \u20ac H.T.<br><strong>Surface<\/strong> : 600 m\u00b2<br><strong>Lieu de r\u00e9alisation : <\/strong>Hunspach<br><strong>Ann\u00e9e de r\u00e9alisation :<\/strong> 2011<\/p>\n\n\n<figure class=\"wp-block-image size-large\"><img decoding=\"async\" loading=\"lazy\" width=\"1024\" height=\"612\" src=\"http:\/\/www.be-mhi.fr\/wp-content\/uploads\/2020\/08\/23-3.jpg\" alt=\"\" class=\"wp-image-1172\" srcset=\"http:\/\/www.be-mhi.fr\/wp-content\/uploads\/2020\/08\/23-3.jpg 1024w, http:\/\/www.be-mhi.fr\/wp-content\/uploads\/2020\/08\/23-3-300x179.jpg 300w, http:\/\/www.be-mhi.fr\/wp-content\/uploads\/2020\/08\/23-3-768x459.jpg 768w\" sizes=\"(max-width: 767px) 89vw, (max-width: 1000px) 54vw, (max-width: 1071px) 543px, 580px\" \/><\/figure>\n\n\n\n<figure class=\"wp-block-gallery columns-2 is-cropped wp-block-gallery-1 is-layout-flex wp-block-gallery-is-layout-flex\"><ul class=\"blocks-gallery-grid\"><li class=\"blocks-gallery-item\"><figure><img decoding=\"async\" loading=\"lazy\" width=\"1024\" height=\"681\" src=\"http:\/\/www.be-mhi.fr\/wp-content\/uploads\/2020\/08\/23-1.jpg\" alt=\"\" data-id=\"1171\" data-full-url=\"http:\/\/www.be-mhi.fr\/wp-content\/uploads\/2020\/08\/23-1.jpg\" data-link=\"http:\/\/www.be-mhi.fr\/?attachment_id=1171\" class=\"wp-image-1171\" srcset=\"http:\/\/www.be-mhi.fr\/wp-content\/uploads\/2020\/08\/23-1.jpg 1024w, http:\/\/www.be-mhi.fr\/wp-content\/uploads\/2020\/08\/23-1-300x200.jpg 300w, http:\/\/www.be-mhi.fr\/wp-content\/uploads\/2020\/08\/23-1-768x511.jpg 768w\" sizes=\"(max-width: 767px) 89vw, (max-width: 1000px) 54vw, (max-width: 1071px) 543px, 580px\" \/><\/figure><\/li><li class=\"blocks-gallery-item\"><figure><img decoding=\"async\" loading=\"lazy\" width=\"1024\" height=\"768\" src=\"http:\/\/www.be-mhi.fr\/wp-content\/uploads\/2020\/08\/23-2.jpg\" alt=\"\" data-id=\"1173\" data-full-url=\"http:\/\/www.be-mhi.fr\/wp-content\/uploads\/2020\/08\/23-2.jpg\" data-link=\"http:\/\/www.be-mhi.fr\/?attachment_id=1173\" class=\"wp-image-1173\" srcset=\"http:\/\/www.be-mhi.fr\/wp-content\/uploads\/2020\/08\/23-2.jpg 1024w, http:\/\/www.be-mhi.fr\/wp-content\/uploads\/2020\/08\/23-2-300x225.jpg 300w, http:\/\/www.be-mhi.fr\/wp-content\/uploads\/2020\/08\/23-2-768x576.jpg 768w\" sizes=\"(max-width: 767px) 89vw, (max-width: 1000px) 54vw, (max-width: 1071px) 543px, 580px\" \/><\/figure><\/li><li class=\"blocks-gallery-item\"><figure><img decoding=\"async\" loading=\"lazy\" width=\"1024\" height=\"670\" src=\"http:\/\/www.be-mhi.fr\/wp-content\/uploads\/2020\/08\/23-8.jpg\" alt=\"\" data-id=\"1178\" data-full-url=\"http:\/\/www.be-mhi.fr\/wp-content\/uploads\/2020\/08\/23-8.jpg\" data-link=\"http:\/\/www.be-mhi.fr\/?attachment_id=1178\" class=\"wp-image-1178\" srcset=\"http:\/\/www.be-mhi.fr\/wp-content\/uploads\/2020\/08\/23-8.jpg 1024w, http:\/\/www.be-mhi.fr\/wp-content\/uploads\/2020\/08\/23-8-300x196.jpg 300w, http:\/\/www.be-mhi.fr\/wp-content\/uploads\/2020\/08\/23-8-768x503.jpg 768w\" sizes=\"(max-width: 767px) 89vw, (max-width: 1000px) 54vw, (max-width: 1071px) 543px, 580px\" \/><\/figure><\/li><li class=\"blocks-gallery-item\"><figure><img decoding=\"async\" loading=\"lazy\" width=\"768\" height=\"1024\" src=\"http:\/\/www.be-mhi.fr\/wp-content\/uploads\/2020\/08\/23-9-768x1024.jpg\" alt=\"\" data-id=\"1179\" data-full-url=\"http:\/\/www.be-mhi.fr\/wp-content\/uploads\/2020\/08\/23-9.jpg\" data-link=\"http:\/\/www.be-mhi.fr\/?attachment_id=1179\" class=\"wp-image-1179\" srcset=\"http:\/\/www.be-mhi.fr\/wp-content\/uploads\/2020\/08\/23-9-768x1024.jpg 768w, http:\/\/www.be-mhi.fr\/wp-content\/uploads\/2020\/08\/23-9-225x300.jpg 225w, http:\/\/www.be-mhi.fr\/wp-content\/uploads\/2020\/08\/23-9.jpg 1024w\" sizes=\"(max-width: 767px) 89vw, (max-width: 1000px) 54vw, (max-width: 1071px) 543px, 580px\" \/><\/figure><\/li><li class=\"blocks-gallery-item\"><figure><img decoding=\"async\" loading=\"lazy\" width=\"1024\" height=\"679\" src=\"http:\/\/www.be-mhi.fr\/wp-content\/uploads\/2020\/08\/23-6.jpg\" alt=\"\" data-id=\"1176\" data-full-url=\"http:\/\/www.be-mhi.fr\/wp-content\/uploads\/2020\/08\/23-6.jpg\" data-link=\"http:\/\/www.be-mhi.fr\/?attachment_id=1176\" class=\"wp-image-1176\" srcset=\"http:\/\/www.be-mhi.fr\/wp-content\/uploads\/2020\/08\/23-6.jpg 1024w, http:\/\/www.be-mhi.fr\/wp-content\/uploads\/2020\/08\/23-6-300x199.jpg 300w, http:\/\/www.be-mhi.fr\/wp-content\/uploads\/2020\/08\/23-6-768x509.jpg 768w\" sizes=\"(max-width: 767px) 89vw, (max-width: 1000px) 54vw, (max-width: 1071px) 543px, 580px\" \/><\/figure><\/li><li class=\"blocks-gallery-item\"><figure><img decoding=\"async\" loading=\"lazy\" width=\"1024\" height=\"681\" src=\"http:\/\/www.be-mhi.fr\/wp-content\/uploads\/2020\/08\/23-7.jpg\" alt=\"\" data-id=\"1177\" data-full-url=\"http:\/\/www.be-mhi.fr\/wp-content\/uploads\/2020\/08\/23-7.jpg\" data-link=\"http:\/\/www.be-mhi.fr\/?attachment_id=1177\" class=\"wp-image-1177\" srcset=\"http:\/\/www.be-mhi.fr\/wp-content\/uploads\/2020\/08\/23-7.jpg 1024w, http:\/\/www.be-mhi.fr\/wp-content\/uploads\/2020\/08\/23-7-300x200.jpg 300w, http:\/\/www.be-mhi.fr\/wp-content\/uploads\/2020\/08\/23-7-768x511.jpg 768w\" sizes=\"(max-width: 767px) 89vw, (max-width: 1000px) 54vw, (max-width: 1071px) 543px, 580px\" \/><\/figure><\/li><li class=\"blocks-gallery-item\"><figure><img decoding=\"async\" loading=\"lazy\" width=\"1024\" height=\"337\" src=\"http:\/\/www.be-mhi.fr\/wp-content\/uploads\/2020\/08\/23-4.jpg\" alt=\"\" data-id=\"1174\" data-full-url=\"http:\/\/www.be-mhi.fr\/wp-content\/uploads\/2020\/08\/23-4.jpg\" data-link=\"http:\/\/www.be-mhi.fr\/?attachment_id=1174\" class=\"wp-image-1174\" srcset=\"http:\/\/www.be-mhi.fr\/wp-content\/uploads\/2020\/08\/23-4.jpg 1024w, http:\/\/www.be-mhi.fr\/wp-content\/uploads\/2020\/08\/23-4-300x99.jpg 300w, http:\/\/www.be-mhi.fr\/wp-content\/uploads\/2020\/08\/23-4-768x253.jpg 768w\" sizes=\"(max-width: 767px) 89vw, (max-width: 1000px) 54vw, (max-width: 1071px) 543px, 580px\" \/><\/figure><\/li><\/ul><\/figure>\n","protected":false},"excerpt":{"rendered":"<p>Caract\u00e9ristiques du projet Ma\u00eetre d\u2019ouvrage&nbsp;: Mairie de HunspachArchitecte&nbsp;: HEINTZ &#8211; KEHRNature des travaux : Construction neuveMissions exerc\u00e9es : Ing\u00e9nierie des structuresCo\u00fbt des travaux : 1 000 000 \u20ac H.T.Surface : 600 m\u00b2Lieu de r\u00e9alisation : HunspachAnn\u00e9e de r\u00e9alisation : 2011<\/p>\n","protected":false},"author":8,"featured_media":0,"parent":1329,"menu_order":0,"comment_status":"closed","ping_status":"closed","template":"","meta":{"footnotes":""},"_links":{"self":[{"href":"http:\/\/www.be-mhi.fr\/index.php?rest_route=\/wp\/v2\/pages\/1169"}],"collection":[{"href":"http:\/\/www.be-mhi.fr\/index.php?rest_route=\/wp\/v2\/pages"}],"about":[{"href":"http:\/\/www.be-mhi.fr\/index.php?rest_route=\/wp\/v2\/types\/page"}],"author":[{"embeddable":true,"href":"http:\/\/www.be-mhi.fr\/index.php?rest_route=\/wp\/v2\/users\/8"}],"replies":[{"embeddable":true,"href":"http:\/\/www.be-mhi.fr\/index.php?rest_route=%2Fwp%2Fv2%2Fcomments&post=1169"}],"version-history":[{"count":4,"href":"http:\/\/www.be-mhi.fr\/index.php?rest_route=\/wp\/v2\/pages\/1169\/revisions"}],"predecessor-version":[{"id":1512,"href":"http:\/\/www.be-mhi.fr\/index.php?rest_route=\/wp\/v2\/pages\/1169\/revisions\/1512"}],"up":[{"embeddable":true,"href":"http:\/\/www.be-mhi.fr\/index.php?rest_route=\/wp\/v2\/pages\/1329"}],"wp:attachment":[{"href":"http:\/\/www.be-mhi.fr\/index.php?rest_route=%2Fwp%2Fv2%2Fmedia&parent=1169"}],"curies":[{"name":"wp","href":"https:\/\/api.w.org\/{rel}","templated":true}]}}