{"id":1214,"date":"2020-08-24T15:29:32","date_gmt":"2020-08-24T14:29:32","guid":{"rendered":"http:\/\/www.be-mhi.fr\/?page_id=1214"},"modified":"2020-08-27T08:33:16","modified_gmt":"2020-08-27T07:33:16","slug":"construction-dun-batiment-de-bureaux-dsi-a-haguenau","status":"publish","type":"page","link":"http:\/\/www.be-mhi.fr\/?page_id=1214","title":{"rendered":"Construction d&rsquo;un b\u00e2timent de bureaux DSI \u00e0 Haguenau"},"content":{"rendered":"<p><span style=\"color: #808080;\"><em>Caract\u00e9ristiques du projet<\/em><\/span><\/p>\n<hr \/>\n<p><strong>Ma\u00eetre d\u2019ouvrage\u00a0<\/strong>: SEW USOCOME<br \/><strong>Architecte\u00a0:<\/strong> Studio Wolfhugel<br \/><strong>Nature des travaux :<\/strong> Construction neuve<br \/><strong>Missions exerc\u00e9es<\/strong> : Ing\u00e9nierie des structures, Assistance de l&rsquo;architecte pour l&rsquo;approche qualit\u00e9 environnementale,\u00a0Ma\u00eetrise d&rsquo;\u0153uvre de l&rsquo;installation photovolta\u00efque<br \/><strong>Co\u00fbt des travaux :<\/strong> 3 500 000 \u20ac H.T.<br \/><strong>Surface<\/strong> : 1 150 m\u00b2<br \/><strong>Lieu de r\u00e9alisation : <\/strong>Haguenau<br \/><strong>Ann\u00e9e de r\u00e9alisation :<\/strong> 2008<\/p>\n\n\n<figure class=\"wp-block-image size-large\"><img decoding=\"async\" loading=\"lazy\" width=\"900\" height=\"675\" src=\"http:\/\/www.be-mhi.fr\/wp-content\/uploads\/2020\/08\/P1010743.jpg\" alt=\"\" class=\"wp-image-1216\" srcset=\"http:\/\/www.be-mhi.fr\/wp-content\/uploads\/2020\/08\/P1010743.jpg 900w, http:\/\/www.be-mhi.fr\/wp-content\/uploads\/2020\/08\/P1010743-300x225.jpg 300w, http:\/\/www.be-mhi.fr\/wp-content\/uploads\/2020\/08\/P1010743-768x576.jpg 768w\" sizes=\"(max-width: 767px) 89vw, (max-width: 1000px) 54vw, (max-width: 1071px) 543px, 580px\" \/><\/figure>\n\n\n\n<figure class=\"wp-block-gallery columns-3 is-cropped wp-block-gallery-1 is-layout-flex wp-block-gallery-is-layout-flex\"><ul class=\"blocks-gallery-grid\"><li class=\"blocks-gallery-item\"><figure><img decoding=\"async\" loading=\"lazy\" width=\"900\" height=\"675\" src=\"http:\/\/www.be-mhi.fr\/wp-content\/uploads\/2020\/08\/photos-chantiers-010.jpg\" alt=\"\" data-id=\"1229\" data-full-url=\"http:\/\/www.be-mhi.fr\/wp-content\/uploads\/2020\/08\/photos-chantiers-010.jpg\" data-link=\"http:\/\/www.be-mhi.fr\/?attachment_id=1229\" class=\"wp-image-1229\" srcset=\"http:\/\/www.be-mhi.fr\/wp-content\/uploads\/2020\/08\/photos-chantiers-010.jpg 900w, http:\/\/www.be-mhi.fr\/wp-content\/uploads\/2020\/08\/photos-chantiers-010-300x225.jpg 300w, http:\/\/www.be-mhi.fr\/wp-content\/uploads\/2020\/08\/photos-chantiers-010-768x576.jpg 768w\" sizes=\"(max-width: 767px) 89vw, (max-width: 1000px) 54vw, (max-width: 1071px) 543px, 580px\" \/><\/figure><\/li><li class=\"blocks-gallery-item\"><figure><img decoding=\"async\" loading=\"lazy\" width=\"900\" height=\"675\" src=\"http:\/\/www.be-mhi.fr\/wp-content\/uploads\/2020\/08\/P1010729.jpg\" alt=\"\" data-id=\"1227\" data-full-url=\"http:\/\/www.be-mhi.fr\/wp-content\/uploads\/2020\/08\/P1010729.jpg\" data-link=\"http:\/\/www.be-mhi.fr\/?attachment_id=1227\" class=\"wp-image-1227\" srcset=\"http:\/\/www.be-mhi.fr\/wp-content\/uploads\/2020\/08\/P1010729.jpg 900w, http:\/\/www.be-mhi.fr\/wp-content\/uploads\/2020\/08\/P1010729-300x225.jpg 300w, http:\/\/www.be-mhi.fr\/wp-content\/uploads\/2020\/08\/P1010729-768x576.jpg 768w\" sizes=\"(max-width: 767px) 89vw, (max-width: 1000px) 54vw, (max-width: 1071px) 543px, 580px\" \/><\/figure><\/li><li class=\"blocks-gallery-item\"><figure><img decoding=\"async\" loading=\"lazy\" width=\"900\" height=\"675\" src=\"http:\/\/www.be-mhi.fr\/wp-content\/uploads\/2020\/08\/P1010592.jpg\" alt=\"\" data-id=\"1226\" data-full-url=\"http:\/\/www.be-mhi.fr\/wp-content\/uploads\/2020\/08\/P1010592.jpg\" data-link=\"http:\/\/www.be-mhi.fr\/?attachment_id=1226\" class=\"wp-image-1226\" srcset=\"http:\/\/www.be-mhi.fr\/wp-content\/uploads\/2020\/08\/P1010592.jpg 900w, http:\/\/www.be-mhi.fr\/wp-content\/uploads\/2020\/08\/P1010592-300x225.jpg 300w, http:\/\/www.be-mhi.fr\/wp-content\/uploads\/2020\/08\/P1010592-768x576.jpg 768w\" sizes=\"(max-width: 767px) 89vw, (max-width: 1000px) 54vw, (max-width: 1071px) 543px, 580px\" \/><\/figure><\/li><li class=\"blocks-gallery-item\"><figure><img decoding=\"async\" loading=\"lazy\" width=\"900\" height=\"675\" src=\"http:\/\/www.be-mhi.fr\/wp-content\/uploads\/2020\/08\/P1010739.jpg\" alt=\"\" data-id=\"1215\" data-full-url=\"http:\/\/www.be-mhi.fr\/wp-content\/uploads\/2020\/08\/P1010739.jpg\" data-link=\"http:\/\/www.be-mhi.fr\/?attachment_id=1215\" class=\"wp-image-1215\" srcset=\"http:\/\/www.be-mhi.fr\/wp-content\/uploads\/2020\/08\/P1010739.jpg 900w, http:\/\/www.be-mhi.fr\/wp-content\/uploads\/2020\/08\/P1010739-300x225.jpg 300w, http:\/\/www.be-mhi.fr\/wp-content\/uploads\/2020\/08\/P1010739-768x576.jpg 768w\" sizes=\"(max-width: 767px) 89vw, (max-width: 1000px) 54vw, (max-width: 1071px) 543px, 580px\" \/><\/figure><\/li><\/ul><\/figure>\n","protected":false},"excerpt":{"rendered":"<p>Caract\u00e9ristiques du projet Ma\u00eetre d\u2019ouvrage\u00a0: SEW USOCOMEArchitecte\u00a0: Studio WolfhugelNature des travaux : Construction neuveMissions exerc\u00e9es : Ing\u00e9nierie des structures, Assistance de l&rsquo;architecte pour l&rsquo;approche qualit\u00e9 environnementale,\u00a0Ma\u00eetrise d&rsquo;\u0153uvre de l&rsquo;installation photovolta\u00efqueCo\u00fbt des travaux : 3 500 000 \u20ac H.T.Surface : 1 150 m\u00b2Lieu de r\u00e9alisation : HaguenauAnn\u00e9e de r\u00e9alisation : 2008<\/p>\n","protected":false},"author":8,"featured_media":0,"parent":1326,"menu_order":0,"comment_status":"closed","ping_status":"closed","template":"","meta":{"footnotes":""},"_links":{"self":[{"href":"http:\/\/www.be-mhi.fr\/index.php?rest_route=\/wp\/v2\/pages\/1214"}],"collection":[{"href":"http:\/\/www.be-mhi.fr\/index.php?rest_route=\/wp\/v2\/pages"}],"about":[{"href":"http:\/\/www.be-mhi.fr\/index.php?rest_route=\/wp\/v2\/types\/page"}],"author":[{"embeddable":true,"href":"http:\/\/www.be-mhi.fr\/index.php?rest_route=\/wp\/v2\/users\/8"}],"replies":[{"embeddable":true,"href":"http:\/\/www.be-mhi.fr\/index.php?rest_route=%2Fwp%2Fv2%2Fcomments&post=1214"}],"version-history":[{"count":4,"href":"http:\/\/www.be-mhi.fr\/index.php?rest_route=\/wp\/v2\/pages\/1214\/revisions"}],"predecessor-version":[{"id":1535,"href":"http:\/\/www.be-mhi.fr\/index.php?rest_route=\/wp\/v2\/pages\/1214\/revisions\/1535"}],"up":[{"embeddable":true,"href":"http:\/\/www.be-mhi.fr\/index.php?rest_route=\/wp\/v2\/pages\/1326"}],"wp:attachment":[{"href":"http:\/\/www.be-mhi.fr\/index.php?rest_route=%2Fwp%2Fv2%2Fmedia&parent=1214"}],"curies":[{"name":"wp","href":"https:\/\/api.w.org\/{rel}","templated":true}]}}