{"id":785,"date":"2020-08-17T10:03:08","date_gmt":"2020-08-17T09:03:08","guid":{"rendered":"http:\/\/www.be-mhi.fr\/?page_id=785"},"modified":"2020-08-26T15:14:03","modified_gmt":"2020-08-26T14:14:03","slug":"cinema-le-trefle-a-dorlisheim","status":"publish","type":"page","link":"http:\/\/www.be-mhi.fr\/?page_id=785","title":{"rendered":"Cin\u00e9ma \u00abLe Tr\u00e8fle\u00bb \u00e0 Dorlisheim"},"content":{"rendered":"<p><span style=\"color: #808080;\"><em>Caract\u00e9ristiques du projet<\/em><\/span><\/p>\n<hr \/>\n<p><strong>Ma\u00eetre d\u2019ouvrage\u00a0<\/strong>: SA L&rsquo;ATALANTE<br \/><strong>Architecte\u00a0:<\/strong> Michel MORETTI<br \/><strong>Nature des travaux :<\/strong> R\u00e9alisation et extension<br \/><strong>Missions exerc\u00e9es<\/strong> : Ing\u00e9nierie g\u00e9n\u00e9rale<br \/><strong>Co\u00fbt des travaux :<\/strong> <em>Construction 2009 -2011:<\/em> 7 000 000 \u20ac H.T, <em>Extension 2015-2016 :\u00a0<\/em>1 400 000 \u20ac H.T.<br \/><strong>Surface<\/strong> : <em>Construction 2009 -2011 :<\/em> 6 400 m\u00b2, <em>Extension 2015-2016 :<\/em> 1 242 m\u00b2<br \/><strong>Lieu de r\u00e9alisation : <\/strong>1 place de l&rsquo;\u00c9l\u00e9phant, 67120 Dorlisheim<br \/><strong>Ann\u00e9es de r\u00e9alisation :<\/strong> 2011 &#8211; 2016<\/p>\n\n\n<figure class=\"wp-block-image size-large is-style-default\"><img decoding=\"async\" loading=\"lazy\" width=\"1024\" height=\"456\" src=\"http:\/\/www.be-mhi.fr\/wp-content\/uploads\/2020\/08\/5-1024x456.png\" alt=\"\" class=\"wp-image-786\" srcset=\"http:\/\/www.be-mhi.fr\/wp-content\/uploads\/2020\/08\/5-1024x456.png 1024w, http:\/\/www.be-mhi.fr\/wp-content\/uploads\/2020\/08\/5-300x133.png 300w, http:\/\/www.be-mhi.fr\/wp-content\/uploads\/2020\/08\/5-768x342.png 768w, http:\/\/www.be-mhi.fr\/wp-content\/uploads\/2020\/08\/5-1536x683.png 1536w, http:\/\/www.be-mhi.fr\/wp-content\/uploads\/2020\/08\/5.png 1672w\" sizes=\"(max-width: 767px) 89vw, (max-width: 1000px) 54vw, (max-width: 1071px) 543px, 580px\" \/><\/figure>\n\n\n\n<figure class=\"wp-block-gallery columns-3 is-cropped wp-block-gallery-1 is-layout-flex wp-block-gallery-is-layout-flex\"><ul class=\"blocks-gallery-grid\"><li class=\"blocks-gallery-item\"><figure><img decoding=\"async\" loading=\"lazy\" width=\"980\" height=\"735\" src=\"http:\/\/www.be-mhi.fr\/wp-content\/uploads\/2020\/08\/hall_-1.jpg\" alt=\"\" data-id=\"802\" data-full-url=\"http:\/\/www.be-mhi.fr\/wp-content\/uploads\/2020\/08\/hall_-1.jpg\" data-link=\"http:\/\/www.be-mhi.fr\/?attachment_id=802\" class=\"wp-image-802\" srcset=\"http:\/\/www.be-mhi.fr\/wp-content\/uploads\/2020\/08\/hall_-1.jpg 980w, http:\/\/www.be-mhi.fr\/wp-content\/uploads\/2020\/08\/hall_-1-300x225.jpg 300w, http:\/\/www.be-mhi.fr\/wp-content\/uploads\/2020\/08\/hall_-1-768x576.jpg 768w\" sizes=\"(max-width: 767px) 89vw, (max-width: 1000px) 54vw, (max-width: 1071px) 543px, 580px\" \/><\/figure><\/li><li class=\"blocks-gallery-item\"><figure><img decoding=\"async\" loading=\"lazy\" width=\"1015\" height=\"551\" src=\"http:\/\/www.be-mhi.fr\/wp-content\/uploads\/2020\/08\/salle.png\" alt=\"\" data-id=\"794\" data-full-url=\"http:\/\/www.be-mhi.fr\/wp-content\/uploads\/2020\/08\/salle.png\" data-link=\"http:\/\/www.be-mhi.fr\/?attachment_id=794\" class=\"wp-image-794\" srcset=\"http:\/\/www.be-mhi.fr\/wp-content\/uploads\/2020\/08\/salle.png 1015w, http:\/\/www.be-mhi.fr\/wp-content\/uploads\/2020\/08\/salle-300x163.png 300w, http:\/\/www.be-mhi.fr\/wp-content\/uploads\/2020\/08\/salle-768x417.png 768w\" sizes=\"(max-width: 767px) 89vw, (max-width: 1000px) 54vw, (max-width: 1071px) 543px, 580px\" \/><\/figure><\/li><li class=\"blocks-gallery-item\"><figure><img decoding=\"async\" loading=\"lazy\" width=\"980\" height=\"735\" src=\"http:\/\/www.be-mhi.fr\/wp-content\/uploads\/2020\/08\/hall_.jpg\" alt=\"\" data-id=\"793\" data-full-url=\"http:\/\/www.be-mhi.fr\/wp-content\/uploads\/2020\/08\/hall_.jpg\" data-link=\"http:\/\/www.be-mhi.fr\/?attachment_id=793\" class=\"wp-image-793\" srcset=\"http:\/\/www.be-mhi.fr\/wp-content\/uploads\/2020\/08\/hall_.jpg 980w, http:\/\/www.be-mhi.fr\/wp-content\/uploads\/2020\/08\/hall_-300x225.jpg 300w, http:\/\/www.be-mhi.fr\/wp-content\/uploads\/2020\/08\/hall_-768x576.jpg 768w\" sizes=\"(max-width: 767px) 89vw, (max-width: 1000px) 54vw, (max-width: 1071px) 543px, 580px\" \/><\/figure><\/li><li class=\"blocks-gallery-item\"><figure><img decoding=\"async\" loading=\"lazy\" width=\"1024\" height=\"340\" src=\"http:\/\/www.be-mhi.fr\/wp-content\/uploads\/2020\/08\/hall-1024x340.png\" alt=\"\" data-id=\"792\" data-full-url=\"http:\/\/www.be-mhi.fr\/wp-content\/uploads\/2020\/08\/hall.png\" data-link=\"http:\/\/www.be-mhi.fr\/?attachment_id=792\" class=\"wp-image-792\" srcset=\"http:\/\/www.be-mhi.fr\/wp-content\/uploads\/2020\/08\/hall-1024x340.png 1024w, http:\/\/www.be-mhi.fr\/wp-content\/uploads\/2020\/08\/hall-300x100.png 300w, http:\/\/www.be-mhi.fr\/wp-content\/uploads\/2020\/08\/hall-768x255.png 768w, http:\/\/www.be-mhi.fr\/wp-content\/uploads\/2020\/08\/hall-1536x510.png 1536w, http:\/\/www.be-mhi.fr\/wp-content\/uploads\/2020\/08\/hall.png 1792w\" sizes=\"(max-width: 767px) 89vw, (max-width: 1000px) 54vw, (max-width: 1071px) 543px, 580px\" \/><\/figure><\/li><li class=\"blocks-gallery-item\"><figure><img decoding=\"async\" loading=\"lazy\" width=\"1024\" height=\"407\" src=\"http:\/\/www.be-mhi.fr\/wp-content\/uploads\/2020\/08\/4-1024x407.png\" alt=\"\" data-id=\"790\" data-full-url=\"http:\/\/www.be-mhi.fr\/wp-content\/uploads\/2020\/08\/4.png\" data-link=\"http:\/\/www.be-mhi.fr\/?attachment_id=790\" class=\"wp-image-790\" srcset=\"http:\/\/www.be-mhi.fr\/wp-content\/uploads\/2020\/08\/4-1024x407.png 1024w, http:\/\/www.be-mhi.fr\/wp-content\/uploads\/2020\/08\/4-300x119.png 300w, http:\/\/www.be-mhi.fr\/wp-content\/uploads\/2020\/08\/4-768x305.png 768w, http:\/\/www.be-mhi.fr\/wp-content\/uploads\/2020\/08\/4.png 1114w\" sizes=\"(max-width: 767px) 89vw, (max-width: 1000px) 54vw, (max-width: 1071px) 543px, 580px\" \/><\/figure><\/li><li class=\"blocks-gallery-item\"><figure><img decoding=\"async\" loading=\"lazy\" width=\"1024\" height=\"685\" src=\"http:\/\/www.be-mhi.fr\/wp-content\/uploads\/2020\/08\/cinema-du-trefle-2.jpg\" alt=\"\" data-id=\"791\" data-full-url=\"http:\/\/www.be-mhi.fr\/wp-content\/uploads\/2020\/08\/cinema-du-trefle-2.jpg\" data-link=\"http:\/\/www.be-mhi.fr\/?attachment_id=791\" class=\"wp-image-791\" srcset=\"http:\/\/www.be-mhi.fr\/wp-content\/uploads\/2020\/08\/cinema-du-trefle-2.jpg 1024w, http:\/\/www.be-mhi.fr\/wp-content\/uploads\/2020\/08\/cinema-du-trefle-2-300x201.jpg 300w, http:\/\/www.be-mhi.fr\/wp-content\/uploads\/2020\/08\/cinema-du-trefle-2-768x514.jpg 768w\" sizes=\"(max-width: 767px) 89vw, (max-width: 1000px) 54vw, (max-width: 1071px) 543px, 580px\" \/><\/figure><\/li><\/ul><\/figure>\n","protected":false},"excerpt":{"rendered":"<p>Caract\u00e9ristiques du projet Ma\u00eetre d\u2019ouvrage\u00a0: SA L&rsquo;ATALANTEArchitecte\u00a0: Michel MORETTINature des travaux : R\u00e9alisation et extensionMissions exerc\u00e9es : Ing\u00e9nierie g\u00e9n\u00e9raleCo\u00fbt des travaux : Construction 2009 -2011: 7 000 000 \u20ac H.T, Extension 2015-2016 :\u00a01 400 000 \u20ac H.T.Surface : Construction 2009 -2011 : 6 400 m\u00b2, Extension 2015-2016 : 1 242 m\u00b2Lieu de r\u00e9alisation : 1 &hellip; <\/p>\n<p class=\"link-more\"><a href=\"http:\/\/www.be-mhi.fr\/?page_id=785\" class=\"more-link\">Continue reading<span class=\"screen-reader-text\"> \u00ab\u00a0Cin\u00e9ma \u00abLe Tr\u00e8fle\u00bb \u00e0 Dorlisheim\u00a0\u00bb<\/span><\/a><\/p>\n","protected":false},"author":8,"featured_media":0,"parent":1329,"menu_order":0,"comment_status":"closed","ping_status":"closed","template":"","meta":{"footnotes":""},"_links":{"self":[{"href":"http:\/\/www.be-mhi.fr\/index.php?rest_route=\/wp\/v2\/pages\/785"}],"collection":[{"href":"http:\/\/www.be-mhi.fr\/index.php?rest_route=\/wp\/v2\/pages"}],"about":[{"href":"http:\/\/www.be-mhi.fr\/index.php?rest_route=\/wp\/v2\/types\/page"}],"author":[{"embeddable":true,"href":"http:\/\/www.be-mhi.fr\/index.php?rest_route=\/wp\/v2\/users\/8"}],"replies":[{"embeddable":true,"href":"http:\/\/www.be-mhi.fr\/index.php?rest_route=%2Fwp%2Fv2%2Fcomments&post=785"}],"version-history":[{"count":8,"href":"http:\/\/www.be-mhi.fr\/index.php?rest_route=\/wp\/v2\/pages\/785\/revisions"}],"predecessor-version":[{"id":1502,"href":"http:\/\/www.be-mhi.fr\/index.php?rest_route=\/wp\/v2\/pages\/785\/revisions\/1502"}],"up":[{"embeddable":true,"href":"http:\/\/www.be-mhi.fr\/index.php?rest_route=\/wp\/v2\/pages\/1329"}],"wp:attachment":[{"href":"http:\/\/www.be-mhi.fr\/index.php?rest_route=%2Fwp%2Fv2%2Fmedia&parent=785"}],"curies":[{"name":"wp","href":"https:\/\/api.w.org\/{rel}","templated":true}]}}