{"id":1105,"date":"2020-08-24T09:04:53","date_gmt":"2020-08-24T08:04:53","guid":{"rendered":"http:\/\/www.be-mhi.fr\/?page_id=1105"},"modified":"2020-08-26T12:42:11","modified_gmt":"2020-08-26T11:42:11","slug":"cfa-jules-verne-a-saverne","status":"publish","type":"page","link":"https:\/\/www.be-mhi.fr\/?page_id=1105","title":{"rendered":"CFA Jules Verne \u00e0 Saverne"},"content":{"rendered":"<p><span style=\"color: #808080;\"><em>Caract\u00e9ristiques du projet<\/em><\/span><\/p>\n<hr \/>\n<p><strong>Ma\u00eetre d\u2019ouvrage : <\/strong>REGION ALSACE SERS<strong><br \/>Architecte :<\/strong> Atelier Del\u00e9crin-Mey<strong><br \/>Nature des travaux : <\/strong>Restructuration, mise en s\u00e9curit\u00e9 et extension<strong><br \/>Missions exerc\u00e9es : <\/strong>Ing\u00e9nierie des lots techniques, Sp\u00e9cifications techniques de s\u00e9curit\u00e9 incendie, Animation environnementale<strong><br \/>Co\u00fbt des travaux :<\/strong> 2 231 000 \u20ac H.T.<strong><br \/>Surface : <\/strong>3 212 m\u00b2<br \/><strong>Lieu de r\u00e9alisation : <\/strong>31 Rue Saint-Nicolas, 67700 Saverne<strong><br \/>Ann\u00e9es de r\u00e9alisation : <\/strong>2011<\/p>\n\n\n<figure class=\"wp-block-image size-large\"><img decoding=\"async\" loading=\"lazy\" width=\"1024\" height=\"769\" src=\"http:\/\/www.be-mhi.fr\/wp-content\/uploads\/2020\/08\/5-3-1024x769.png\" alt=\"\" class=\"wp-image-1106\" srcset=\"https:\/\/www.be-mhi.fr\/wp-content\/uploads\/2020\/08\/5-3-1024x769.png 1024w, https:\/\/www.be-mhi.fr\/wp-content\/uploads\/2020\/08\/5-3-300x225.png 300w, https:\/\/www.be-mhi.fr\/wp-content\/uploads\/2020\/08\/5-3-768x577.png 768w, https:\/\/www.be-mhi.fr\/wp-content\/uploads\/2020\/08\/5-3.png 1106w\" sizes=\"(max-width: 767px) 89vw, (max-width: 1000px) 54vw, (max-width: 1071px) 543px, 580px\" \/><\/figure>\n\n\n\n<figure class=\"wp-block-gallery columns-3 wp-block-gallery-1 is-layout-flex wp-block-gallery-is-layout-flex\"><ul class=\"blocks-gallery-grid\"><li class=\"blocks-gallery-item\"><figure><img decoding=\"async\" loading=\"lazy\" width=\"1024\" height=\"769\" src=\"http:\/\/www.be-mhi.fr\/wp-content\/uploads\/2020\/08\/1-8-1024x769.png\" alt=\"\" data-id=\"1427\" data-full-url=\"http:\/\/www.be-mhi.fr\/wp-content\/uploads\/2020\/08\/1-8.png\" data-link=\"http:\/\/www.be-mhi.fr\/?attachment_id=1427\" class=\"wp-image-1427\" srcset=\"https:\/\/www.be-mhi.fr\/wp-content\/uploads\/2020\/08\/1-8-1024x769.png 1024w, https:\/\/www.be-mhi.fr\/wp-content\/uploads\/2020\/08\/1-8-300x225.png 300w, https:\/\/www.be-mhi.fr\/wp-content\/uploads\/2020\/08\/1-8-768x577.png 768w, https:\/\/www.be-mhi.fr\/wp-content\/uploads\/2020\/08\/1-8.png 1104w\" sizes=\"(max-width: 767px) 89vw, (max-width: 1000px) 54vw, (max-width: 1071px) 543px, 580px\" \/><\/figure><\/li><li class=\"blocks-gallery-item\"><figure><img decoding=\"async\" loading=\"lazy\" width=\"1024\" height=\"769\" src=\"http:\/\/www.be-mhi.fr\/wp-content\/uploads\/2020\/08\/2-8-1024x769.png\" alt=\"\" data-id=\"1428\" data-full-url=\"http:\/\/www.be-mhi.fr\/wp-content\/uploads\/2020\/08\/2-8.png\" data-link=\"http:\/\/www.be-mhi.fr\/?attachment_id=1428\" class=\"wp-image-1428\" srcset=\"https:\/\/www.be-mhi.fr\/wp-content\/uploads\/2020\/08\/2-8-1024x769.png 1024w, https:\/\/www.be-mhi.fr\/wp-content\/uploads\/2020\/08\/2-8-300x225.png 300w, https:\/\/www.be-mhi.fr\/wp-content\/uploads\/2020\/08\/2-8-768x577.png 768w, https:\/\/www.be-mhi.fr\/wp-content\/uploads\/2020\/08\/2-8.png 1109w\" sizes=\"(max-width: 767px) 89vw, (max-width: 1000px) 54vw, (max-width: 1071px) 543px, 580px\" \/><\/figure><\/li><li class=\"blocks-gallery-item\"><figure><img decoding=\"async\" loading=\"lazy\" width=\"1024\" height=\"767\" src=\"http:\/\/www.be-mhi.fr\/wp-content\/uploads\/2020\/08\/3-8-1024x767.png\" alt=\"\" data-id=\"1429\" data-full-url=\"http:\/\/www.be-mhi.fr\/wp-content\/uploads\/2020\/08\/3-8.png\" data-link=\"http:\/\/www.be-mhi.fr\/?attachment_id=1429\" class=\"wp-image-1429\" srcset=\"https:\/\/www.be-mhi.fr\/wp-content\/uploads\/2020\/08\/3-8-1024x767.png 1024w, https:\/\/www.be-mhi.fr\/wp-content\/uploads\/2020\/08\/3-8-300x225.png 300w, https:\/\/www.be-mhi.fr\/wp-content\/uploads\/2020\/08\/3-8-768x575.png 768w, https:\/\/www.be-mhi.fr\/wp-content\/uploads\/2020\/08\/3-8.png 1107w\" sizes=\"(max-width: 767px) 89vw, (max-width: 1000px) 54vw, (max-width: 1071px) 543px, 580px\" \/><\/figure><\/li><li class=\"blocks-gallery-item\"><figure><img decoding=\"async\" loading=\"lazy\" width=\"1024\" height=\"771\" src=\"http:\/\/www.be-mhi.fr\/wp-content\/uploads\/2020\/08\/4-9-1024x771.png\" alt=\"\" data-id=\"1430\" data-full-url=\"http:\/\/www.be-mhi.fr\/wp-content\/uploads\/2020\/08\/4-9.png\" data-link=\"http:\/\/www.be-mhi.fr\/?attachment_id=1430\" class=\"wp-image-1430\" srcset=\"https:\/\/www.be-mhi.fr\/wp-content\/uploads\/2020\/08\/4-9-1024x771.png 1024w, https:\/\/www.be-mhi.fr\/wp-content\/uploads\/2020\/08\/4-9-300x226.png 300w, https:\/\/www.be-mhi.fr\/wp-content\/uploads\/2020\/08\/4-9-768x578.png 768w, https:\/\/www.be-mhi.fr\/wp-content\/uploads\/2020\/08\/4-9.png 1104w\" sizes=\"(max-width: 767px) 89vw, (max-width: 1000px) 54vw, (max-width: 1071px) 543px, 580px\" \/><\/figure><\/li><li class=\"blocks-gallery-item\"><figure><img decoding=\"async\" loading=\"lazy\" width=\"1024\" height=\"768\" src=\"http:\/\/www.be-mhi.fr\/wp-content\/uploads\/2020\/08\/6-5-1024x768.png\" alt=\"\" data-id=\"1431\" data-full-url=\"http:\/\/www.be-mhi.fr\/wp-content\/uploads\/2020\/08\/6-5.png\" data-link=\"http:\/\/www.be-mhi.fr\/?attachment_id=1431\" class=\"wp-image-1431\" srcset=\"https:\/\/www.be-mhi.fr\/wp-content\/uploads\/2020\/08\/6-5-1024x768.png 1024w, https:\/\/www.be-mhi.fr\/wp-content\/uploads\/2020\/08\/6-5-300x225.png 300w, https:\/\/www.be-mhi.fr\/wp-content\/uploads\/2020\/08\/6-5-768x576.png 768w, https:\/\/www.be-mhi.fr\/wp-content\/uploads\/2020\/08\/6-5.png 1108w\" sizes=\"(max-width: 767px) 89vw, (max-width: 1000px) 54vw, (max-width: 1071px) 543px, 580px\" \/><\/figure><\/li><\/ul><\/figure>\n","protected":false},"excerpt":{"rendered":"<p>Caract\u00e9ristiques du projet Ma\u00eetre d\u2019ouvrage : REGION ALSACE SERSArchitecte : Atelier Del\u00e9crin-MeyNature des travaux : Restructuration, mise en s\u00e9curit\u00e9 et extensionMissions exerc\u00e9es : Ing\u00e9nierie des lots techniques, Sp\u00e9cifications techniques de s\u00e9curit\u00e9 incendie, Animation environnementaleCo\u00fbt des travaux : 2 231 000 \u20ac H.T.Surface : 3 212 m\u00b2Lieu de r\u00e9alisation : 31 Rue Saint-Nicolas, 67700 SaverneAnn\u00e9es de &hellip; <\/p>\n<p class=\"link-more\"><a href=\"https:\/\/www.be-mhi.fr\/?page_id=1105\" class=\"more-link\">Continue reading<span class=\"screen-reader-text\"> \u00ab\u00a0CFA Jules Verne \u00e0 Saverne\u00a0\u00bb<\/span><\/a><\/p>\n","protected":false},"author":8,"featured_media":0,"parent":1325,"menu_order":0,"comment_status":"closed","ping_status":"closed","template":"","meta":{"footnotes":""},"_links":{"self":[{"href":"https:\/\/www.be-mhi.fr\/index.php?rest_route=\/wp\/v2\/pages\/1105"}],"collection":[{"href":"https:\/\/www.be-mhi.fr\/index.php?rest_route=\/wp\/v2\/pages"}],"about":[{"href":"https:\/\/www.be-mhi.fr\/index.php?rest_route=\/wp\/v2\/types\/page"}],"author":[{"embeddable":true,"href":"https:\/\/www.be-mhi.fr\/index.php?rest_route=\/wp\/v2\/users\/8"}],"replies":[{"embeddable":true,"href":"https:\/\/www.be-mhi.fr\/index.php?rest_route=%2Fwp%2Fv2%2Fcomments&post=1105"}],"version-history":[{"count":3,"href":"https:\/\/www.be-mhi.fr\/index.php?rest_route=\/wp\/v2\/pages\/1105\/revisions"}],"predecessor-version":[{"id":1734,"href":"https:\/\/www.be-mhi.fr\/index.php?rest_route=\/wp\/v2\/pages\/1105\/revisions\/1734"}],"up":[{"embeddable":true,"href":"https:\/\/www.be-mhi.fr\/index.php?rest_route=\/wp\/v2\/pages\/1325"}],"wp:attachment":[{"href":"https:\/\/www.be-mhi.fr\/index.php?rest_route=%2Fwp%2Fv2%2Fmedia&parent=1105"}],"curies":[{"name":"wp","href":"https:\/\/api.w.org\/{rel}","templated":true}]}}