{"id":1123,"date":"2020-08-21T10:24:50","date_gmt":"2020-08-21T09:24:50","guid":{"rendered":"http:\/\/www.be-mhi.fr\/?page_id=1123"},"modified":"2020-08-31T07:54:23","modified_gmt":"2020-08-31T06:54:23","slug":"qualifications","status":"publish","type":"page","link":"https:\/\/www.be-mhi.fr\/?page_id=1123","title":{"rendered":"Qualifications"},"content":{"rendered":"<p><strong>Qualifications notifi\u00e9es par l&rsquo;OPQIBI &#8211; Certificat n\u00b015 12 3104 :<\/strong><em><br \/>\n<\/em><br \/>\n12 \u2013 G\u00e9nie civil \u2013 Gros-\u0153uvre \u2013 Second \u0153uvre :<br \/>\n1202 Etude de structures b\u00e9ton courants<br \/>\n<a href=\"http:\/\/www.be-mhi.fr\/wp-content\/uploads\/2020\/08\/MOYEN-RGE-300x226-1.png\"><img decoding=\"async\" loading=\"lazy\" class=\"wp-image-836 alignright\" src=\"http:\/\/www.be-mhi.fr\/wp-content\/uploads\/2020\/08\/MOYEN-RGE-300x226-1.png\" alt=\"\" width=\"208\" height=\"157\" \/><\/a>1203 Etudes de structures b\u00e9ton complexes<br \/>\n1209 Etudes en restauration d\u2019ouvrages<\/p>\n<p>19 \u2013 Ing\u00e9nierie des ouvrages et syst\u00e8mes de b\u00e2timent :<br \/>\n1905 Audit \u00e9nerg\u00e9tiques des b\u00e2timents (tertiaires et\/ou habitations)<br \/>\n1911 Audit \u00e9nerg\u00e9tiques maisons individuelles<\/p>\n<p><strong>Fabien GIBOUDAUD a la reconnaissance R\u00e9f\u00e9rent Certification Energie et Carbone<\/strong>, couvrant les labels \u00ab effinergie \u00bb, \u00ab BBCA \u00bb et \u00ab E+C-\u00bb<\/p>\n<p><a href=\"http:\/\/www.be-mhi.fr\/wp-content\/uploads\/2020\/08\/energiecarbone.png\"><img decoding=\"async\" loading=\"lazy\" class=\"alignnone  wp-image-1068\" src=\"http:\/\/www.be-mhi.fr\/wp-content\/uploads\/2020\/08\/energiecarbone.png\" alt=\"\" width=\"117\" height=\"151\" \/><\/a> <a href=\"http:\/\/www.be-mhi.fr\/wp-content\/uploads\/2020\/08\/effinergie.png\"><img decoding=\"async\" loading=\"lazy\" class=\"alignnone  wp-image-1067\" src=\"http:\/\/www.be-mhi.fr\/wp-content\/uploads\/2020\/08\/effinergie.png\" alt=\"\" width=\"191\" height=\"89\" \/><\/a> <a href=\"http:\/\/www.be-mhi.fr\/wp-content\/uploads\/2020\/08\/BBCA.png\"><img decoding=\"async\" loading=\"lazy\" class=\"alignnone  wp-image-1066\" src=\"http:\/\/www.be-mhi.fr\/wp-content\/uploads\/2020\/08\/BBCA.png\" alt=\"\" width=\"152\" height=\"148\" \/><\/a><\/p>\n<p><b>M.H. ING\u00c9NIERIE est membre du pole de comp\u00e9titivit\u00e9s fibres \u00e9nergie-vie :<\/b><br \/>\nLe nouveau B\u00e2timent ECAM Strasbourg Europe et l\u2019annexe du lyc\u00e9e Charles de Foucauld ont \u00e9t\u00e9 lab\u00e9lis\u00e9s \u00ab\u00a0B\u00e2timent D\u00e9monstrateur Energivie\u00a0\u00bb par le conseil d\u2019administration du P\u00f4le de Comp\u00e9titivit\u00e9 le 29 janvier 2013.<\/p>\n<p><a href=\"http:\/\/www.be-mhi.fr\/wp-content\/uploads\/2020\/08\/image001.jpg\"><img decoding=\"async\" loading=\"lazy\" class=\"size-full wp-image-835 aligncenter\" src=\"http:\/\/www.be-mhi.fr\/wp-content\/uploads\/2020\/08\/image001.jpg\" alt=\"\" width=\"162\" height=\"64\" \/><\/a><\/p>\n<p><strong>Marc HUBER est inspecteur AFPS en diagnostics de b\u00e2timents en situation d\u2019urgence post-sismique.<\/strong><\/p>\n<p><a href=\"http:\/\/www.be-mhi.fr\/wp-content\/uploads\/2020\/08\/afps.png\"><img decoding=\"async\" loading=\"lazy\" class=\"size-full wp-image-1065 aligncenter\" src=\"http:\/\/www.be-mhi.fr\/wp-content\/uploads\/2020\/08\/afps.png\" alt=\"\" width=\"276\" height=\"133\" \/><\/a><\/p>\n","protected":false},"excerpt":{"rendered":"<p>Qualifications notifi\u00e9es par l&rsquo;OPQIBI &#8211; Certificat n\u00b015 12 3104 : 12 \u2013 G\u00e9nie civil \u2013 Gros-\u0153uvre \u2013 Second \u0153uvre : 1202 Etude de structures b\u00e9ton courants 1203 Etudes de structures b\u00e9ton complexes 1209 Etudes en restauration d\u2019ouvrages 19 \u2013 Ing\u00e9nierie des ouvrages et syst\u00e8mes de b\u00e2timent : 1905 Audit \u00e9nerg\u00e9tiques des b\u00e2timents (tertiaires et\/ou habitations) &hellip; <\/p>\n<p class=\"link-more\"><a href=\"https:\/\/www.be-mhi.fr\/?page_id=1123\" class=\"more-link\">Continue reading<span class=\"screen-reader-text\"> \u00ab\u00a0Qualifications\u00a0\u00bb<\/span><\/a><\/p>\n","protected":false},"author":8,"featured_media":0,"parent":2,"menu_order":0,"comment_status":"closed","ping_status":"closed","template":"","meta":{"footnotes":""},"_links":{"self":[{"href":"https:\/\/www.be-mhi.fr\/index.php?rest_route=\/wp\/v2\/pages\/1123"}],"collection":[{"href":"https:\/\/www.be-mhi.fr\/index.php?rest_route=\/wp\/v2\/pages"}],"about":[{"href":"https:\/\/www.be-mhi.fr\/index.php?rest_route=\/wp\/v2\/types\/page"}],"author":[{"embeddable":true,"href":"https:\/\/www.be-mhi.fr\/index.php?rest_route=\/wp\/v2\/users\/8"}],"replies":[{"embeddable":true,"href":"https:\/\/www.be-mhi.fr\/index.php?rest_route=%2Fwp%2Fv2%2Fcomments&post=1123"}],"version-history":[{"count":3,"href":"https:\/\/www.be-mhi.fr\/index.php?rest_route=\/wp\/v2\/pages\/1123\/revisions"}],"predecessor-version":[{"id":1676,"href":"https:\/\/www.be-mhi.fr\/index.php?rest_route=\/wp\/v2\/pages\/1123\/revisions\/1676"}],"up":[{"embeddable":true,"href":"https:\/\/www.be-mhi.fr\/index.php?rest_route=\/wp\/v2\/pages\/2"}],"wp:attachment":[{"href":"https:\/\/www.be-mhi.fr\/index.php?rest_route=%2Fwp%2Fv2%2Fmedia&parent=1123"}],"curies":[{"name":"wp","href":"https:\/\/api.w.org\/{rel}","templated":true}]}}