{"id":1660,"date":"2020-08-28T11:02:15","date_gmt":"2020-08-28T10:02:15","guid":{"rendered":"http:\/\/www.be-mhi.fr\/?page_id=1660"},"modified":"2020-08-28T11:12:29","modified_gmt":"2020-08-28T10:12:29","slug":"bim-niveau-3","status":"publish","type":"page","link":"https:\/\/www.be-mhi.fr\/?page_id=1660","title":{"rendered":"BIM Niveau 3"},"content":{"rendered":"<p>Le BIM de niveau 3, aussi consid\u00e9r\u00e9 par le seul BIM, permet de cr\u00e9er un seul mod\u00e8le unique stock\u00e9 sur un serveur centralis\u00e9.<br \/>Le mod\u00e8le est accessible par tout les intervenants et ce, pendant toute la dur\u00e9e de vie du projet.<\/p>\n\n\n<hr class=\"wp-block-separator\"\/>\n\n\n<h2 class=\"rich-text block-editor-rich-text__editable\" role=\"textbox\" contenteditable=\"true\" aria-multiline=\"true\" aria-label=\"Write heading\u2026\">R\u00e9f\u00e9rences<\/h2>\n<p>Cette page sera compl\u00e9t\u00e9e prochainement<\/p>\n\n\n<p><\/p>\n","protected":false},"excerpt":{"rendered":"<p>Le BIM de niveau 3, aussi consid\u00e9r\u00e9 par le seul BIM, permet de cr\u00e9er un seul mod\u00e8le unique stock\u00e9 sur un serveur centralis\u00e9.Le mod\u00e8le est accessible par tout les intervenants et ce, pendant toute la dur\u00e9e de vie du projet. R\u00e9f\u00e9rences Cette page sera compl\u00e9t\u00e9e prochainement<\/p>\n","protected":false},"author":8,"featured_media":0,"parent":1657,"menu_order":0,"comment_status":"closed","ping_status":"closed","template":"","meta":{"footnotes":""},"_links":{"self":[{"href":"https:\/\/www.be-mhi.fr\/index.php?rest_route=\/wp\/v2\/pages\/1660"}],"collection":[{"href":"https:\/\/www.be-mhi.fr\/index.php?rest_route=\/wp\/v2\/pages"}],"about":[{"href":"https:\/\/www.be-mhi.fr\/index.php?rest_route=\/wp\/v2\/types\/page"}],"author":[{"embeddable":true,"href":"https:\/\/www.be-mhi.fr\/index.php?rest_route=\/wp\/v2\/users\/8"}],"replies":[{"embeddable":true,"href":"https:\/\/www.be-mhi.fr\/index.php?rest_route=%2Fwp%2Fv2%2Fcomments&post=1660"}],"version-history":[{"count":2,"href":"https:\/\/www.be-mhi.fr\/index.php?rest_route=\/wp\/v2\/pages\/1660\/revisions"}],"predecessor-version":[{"id":1675,"href":"https:\/\/www.be-mhi.fr\/index.php?rest_route=\/wp\/v2\/pages\/1660\/revisions\/1675"}],"up":[{"embeddable":true,"href":"https:\/\/www.be-mhi.fr\/index.php?rest_route=\/wp\/v2\/pages\/1657"}],"wp:attachment":[{"href":"https:\/\/www.be-mhi.fr\/index.php?rest_route=%2Fwp%2Fv2%2Fmedia&parent=1660"}],"curies":[{"name":"wp","href":"https:\/\/api.w.org\/{rel}","templated":true}]}}