{"id":1797,"date":"2023-08-25T11:02:36","date_gmt":"2023-08-25T10:02:36","guid":{"rendered":"https:\/\/www.be-mhi.fr\/?page_id=1797"},"modified":"2023-08-25T14:53:40","modified_gmt":"2023-08-25T13:53:40","slug":"groupe-scolaire-furdenheim","status":"publish","type":"page","link":"https:\/\/www.be-mhi.fr\/?page_id=1797","title":{"rendered":"Groupe Scolaire Furdenheim"},"content":{"rendered":"\n<p id=\"block-e969743f-7c93-462f-b6cc-38ea20f3b620\"><em>Caract\u00e9ristiques du projet<\/em><\/p>\n\n\n\n<hr class=\"wp-block-separator has-alpha-channel-opacity\" id=\"block-b654ba18-9b92-4a89-80c8-3d0606124405\"\/>\n\n\n\n<p id=\"block-952aacba-033f-4dfc-94a4-5759de2a71ee\"><strong>Ma\u00eetre d\u2019ouvrage&nbsp;<\/strong>: ComCom du Kochersberg-Ackerland, SIIVOM Ackerland<br><strong>Architecte&nbsp;:<\/strong> Agence MW<br><strong>Nature des travaux :<\/strong> Construction Neuve<br><strong>Missions exerc\u00e9es<\/strong> : Ing\u00e9nierie des structures &amp; des fluides<br><strong>Co\u00fbt des travaux :<\/strong> 3 132 000 \u20ac H.T.<br><strong>Surface<\/strong> : 1550 m\u00b2<br><strong>Lieu de r\u00e9alisation :<\/strong> Furdenheim<br><strong>Ann\u00e9es de r\u00e9alisation :<\/strong> 2020<\/p>\n\n\n\n<figure class=\"wp-block-gallery has-nested-images columns-default is-cropped wp-block-gallery-1 is-layout-flex wp-block-gallery-is-layout-flex\">\n<figure class=\"wp-block-image size-large\"><a href=\"https:\/\/www.be-mhi.fr\/wp-content\/uploads\/2023\/08\/01.png\"><img decoding=\"async\" loading=\"lazy\" width=\"631\" height=\"356\" data-id=\"1818\" src=\"https:\/\/www.be-mhi.fr\/wp-content\/uploads\/2023\/08\/01.png\" alt=\"\" class=\"wp-image-1818\" srcset=\"https:\/\/www.be-mhi.fr\/wp-content\/uploads\/2023\/08\/01.png 631w, https:\/\/www.be-mhi.fr\/wp-content\/uploads\/2023\/08\/01-300x169.png 300w\" sizes=\"(max-width: 631px) 100vw, 631px\" \/><\/a><\/figure>\n\n\n\n<figure class=\"wp-block-image size-large\"><a href=\"https:\/\/www.be-mhi.fr\/wp-content\/uploads\/2023\/08\/02.png\"><img decoding=\"async\" loading=\"lazy\" width=\"637\" height=\"638\" data-id=\"1819\" src=\"https:\/\/www.be-mhi.fr\/wp-content\/uploads\/2023\/08\/02.png\" alt=\"\" class=\"wp-image-1819\" srcset=\"https:\/\/www.be-mhi.fr\/wp-content\/uploads\/2023\/08\/02.png 637w, https:\/\/www.be-mhi.fr\/wp-content\/uploads\/2023\/08\/02-300x300.png 300w, https:\/\/www.be-mhi.fr\/wp-content\/uploads\/2023\/08\/02-150x150.png 150w, https:\/\/www.be-mhi.fr\/wp-content\/uploads\/2023\/08\/02-100x100.png 100w\" sizes=\"(max-width: 637px) 100vw, 637px\" \/><\/a><\/figure>\n\n\n\n<figure class=\"wp-block-image size-large\"><a href=\"https:\/\/www.be-mhi.fr\/wp-content\/uploads\/2023\/08\/03.png\"><img decoding=\"async\" loading=\"lazy\" width=\"636\" height=\"476\" data-id=\"1820\" src=\"https:\/\/www.be-mhi.fr\/wp-content\/uploads\/2023\/08\/03.png\" alt=\"\" class=\"wp-image-1820\" srcset=\"https:\/\/www.be-mhi.fr\/wp-content\/uploads\/2023\/08\/03.png 636w, https:\/\/www.be-mhi.fr\/wp-content\/uploads\/2023\/08\/03-300x225.png 300w\" sizes=\"(max-width: 636px) 100vw, 636px\" \/><\/a><\/figure>\n\n\n\n<figure class=\"wp-block-image size-large\"><a href=\"https:\/\/www.be-mhi.fr\/wp-content\/uploads\/2023\/08\/IMG_20200818_134622-scaled.jpg\"><img decoding=\"async\" loading=\"lazy\" width=\"1024\" height=\"537\" data-id=\"1821\" src=\"https:\/\/www.be-mhi.fr\/wp-content\/uploads\/2023\/08\/IMG_20200818_134622-1024x537.jpg\" alt=\"\" class=\"wp-image-1821\" srcset=\"https:\/\/www.be-mhi.fr\/wp-content\/uploads\/2023\/08\/IMG_20200818_134622-1024x537.jpg 1024w, https:\/\/www.be-mhi.fr\/wp-content\/uploads\/2023\/08\/IMG_20200818_134622-300x157.jpg 300w, https:\/\/www.be-mhi.fr\/wp-content\/uploads\/2023\/08\/IMG_20200818_134622-768x403.jpg 768w, https:\/\/www.be-mhi.fr\/wp-content\/uploads\/2023\/08\/IMG_20200818_134622-1536x806.jpg 1536w, https:\/\/www.be-mhi.fr\/wp-content\/uploads\/2023\/08\/IMG_20200818_134622-2048x1075.jpg 2048w\" sizes=\"(max-width: 767px) 89vw, (max-width: 1000px) 54vw, (max-width: 1071px) 543px, 580px\" \/><\/a><\/figure>\n<\/figure>\n","protected":false},"excerpt":{"rendered":"<p>Caract\u00e9ristiques du projet Ma\u00eetre d\u2019ouvrage&nbsp;: ComCom du Kochersberg-Ackerland, SIIVOM AckerlandArchitecte&nbsp;: Agence MWNature des travaux : Construction NeuveMissions exerc\u00e9es : Ing\u00e9nierie des structures &amp; des fluidesCo\u00fbt des travaux : 3 132 000 \u20ac H.T.Surface : 1550 m\u00b2Lieu de r\u00e9alisation : FurdenheimAnn\u00e9es de r\u00e9alisation : 2020<\/p>\n","protected":false},"author":1,"featured_media":0,"parent":1325,"menu_order":0,"comment_status":"closed","ping_status":"closed","template":"","meta":{"footnotes":""},"_links":{"self":[{"href":"https:\/\/www.be-mhi.fr\/index.php?rest_route=\/wp\/v2\/pages\/1797"}],"collection":[{"href":"https:\/\/www.be-mhi.fr\/index.php?rest_route=\/wp\/v2\/pages"}],"about":[{"href":"https:\/\/www.be-mhi.fr\/index.php?rest_route=\/wp\/v2\/types\/page"}],"author":[{"embeddable":true,"href":"https:\/\/www.be-mhi.fr\/index.php?rest_route=\/wp\/v2\/users\/1"}],"replies":[{"embeddable":true,"href":"https:\/\/www.be-mhi.fr\/index.php?rest_route=%2Fwp%2Fv2%2Fcomments&post=1797"}],"version-history":[{"count":3,"href":"https:\/\/www.be-mhi.fr\/index.php?rest_route=\/wp\/v2\/pages\/1797\/revisions"}],"predecessor-version":[{"id":1847,"href":"https:\/\/www.be-mhi.fr\/index.php?rest_route=\/wp\/v2\/pages\/1797\/revisions\/1847"}],"up":[{"embeddable":true,"href":"https:\/\/www.be-mhi.fr\/index.php?rest_route=\/wp\/v2\/pages\/1325"}],"wp:attachment":[{"href":"https:\/\/www.be-mhi.fr\/index.php?rest_route=%2Fwp%2Fv2%2Fmedia&parent=1797"}],"curies":[{"name":"wp","href":"https:\/\/api.w.org\/{rel}","templated":true}]}}