{"id":22,"date":"2013-09-30T14:55:37","date_gmt":"2013-09-30T13:55:37","guid":{"rendered":"http:\/\/127.0.0.1\/wordpress\/?page_id=22"},"modified":"2020-08-27T12:45:35","modified_gmt":"2020-08-27T11:45:35","slug":"demolitions","status":"publish","type":"page","link":"https:\/\/www.be-mhi.fr\/?page_id=22","title":{"rendered":"D\u00e9molitions"},"content":{"rendered":"<p><span style=\"color: #808080;\"><em>Missions exerc\u00e9es<\/em><\/span><\/p>\n<hr \/>\n<p>&#8211; Ma\u00eetrise d\u2019oeuvre compl\u00e8te des op\u00e9rations de d\u00e9molitions.<\/p>\n<p>&#8211; Consultation des entreprises et suivi des travaux pour la d\u00e9molition et la d\u00e9pollution sur la base de rapports d\u2019experts.<\/p>\n<p><span style=\"color: #808080;\"><em>Principales r\u00e9f\u00e9rences :<br \/><\/em><\/span><\/p>\n<hr \/>\n<ul>\n<li>Conception de la d\u00e9molition de 2 r\u00e9servoirs de gaz liqu\u00e9fi\u00e9s \u00e0 Das Island (Abu Dhabi) r\u00e9f\u00e9rence \u00e0 titre personnel du dirigeant.\n<\/li>\n<li>D\u00e9pollution et d\u00e9molition du site ex-Alsavet \u00e0 Bischwiller : 22 000 m\u00b2.\n<\/li>\n<li>D\u00e9molition du logement du proviseur et du b\u00e2timent administratif au LEGTA d\u2019Obernai.\n<\/li>\n<li>D\u00e9molition d\u2019un immeuble au centre ville de Haguenau, rue des Etameurs.\n<\/li>\n<li>D\u00e9molition d\u2019un immeuble \u00e0 Bischwiller, rue des Pr\u00e8s.\n<\/li>\n<li>D\u00e9molition partielle de la chemin\u00e9e \u00e0 Bischwiller.<\/li>\n<\/ul>\n","protected":false},"excerpt":{"rendered":"<p>Missions exerc\u00e9es &#8211; Ma\u00eetrise d\u2019oeuvre compl\u00e8te des op\u00e9rations de d\u00e9molitions. &#8211; Consultation des entreprises et suivi des travaux pour la d\u00e9molition et la d\u00e9pollution sur la base de rapports d\u2019experts. Principales r\u00e9f\u00e9rences : Conception de la d\u00e9molition de 2 r\u00e9servoirs de gaz liqu\u00e9fi\u00e9s \u00e0 Das Island (Abu Dhabi) r\u00e9f\u00e9rence \u00e0 titre personnel du dirigeant. D\u00e9pollution &hellip; <\/p>\n<p class=\"link-more\"><a href=\"https:\/\/www.be-mhi.fr\/?page_id=22\" class=\"more-link\">Continue reading<span class=\"screen-reader-text\"> \u00ab\u00a0D\u00e9molitions\u00a0\u00bb<\/span><\/a><\/p>\n","protected":false},"author":1,"featured_media":0,"parent":50,"menu_order":0,"comment_status":"closed","ping_status":"open","template":"","meta":{"footnotes":""},"_links":{"self":[{"href":"https:\/\/www.be-mhi.fr\/index.php?rest_route=\/wp\/v2\/pages\/22"}],"collection":[{"href":"https:\/\/www.be-mhi.fr\/index.php?rest_route=\/wp\/v2\/pages"}],"about":[{"href":"https:\/\/www.be-mhi.fr\/index.php?rest_route=\/wp\/v2\/types\/page"}],"author":[{"embeddable":true,"href":"https:\/\/www.be-mhi.fr\/index.php?rest_route=\/wp\/v2\/users\/1"}],"replies":[{"embeddable":true,"href":"https:\/\/www.be-mhi.fr\/index.php?rest_route=%2Fwp%2Fv2%2Fcomments&post=22"}],"version-history":[{"count":9,"href":"https:\/\/www.be-mhi.fr\/index.php?rest_route=\/wp\/v2\/pages\/22\/revisions"}],"predecessor-version":[{"id":1621,"href":"https:\/\/www.be-mhi.fr\/index.php?rest_route=\/wp\/v2\/pages\/22\/revisions\/1621"}],"up":[{"embeddable":true,"href":"https:\/\/www.be-mhi.fr\/index.php?rest_route=\/wp\/v2\/pages\/50"}],"wp:attachment":[{"href":"https:\/\/www.be-mhi.fr\/index.php?rest_route=%2Fwp%2Fv2%2Fmedia&parent=22"}],"curies":[{"name":"wp","href":"https:\/\/api.w.org\/{rel}","templated":true}]}}